{"id":709,"date":"2014-10-12T07:20:38","date_gmt":"2014-10-12T07:20:38","guid":{"rendered":"http:\/\/themes.webinane.com\/wp\/personal\/?page_id=69"},"modified":"2023-12-08T09:12:48","modified_gmt":"2023-12-08T14:12:48","slug":"a_propos","status":"publish","type":"page","link":"https:\/\/www.guideimmo.ca\/articles\/a_propos\/","title":{"rendered":"\u00c0 propos"},"content":{"rendered":"<p>Les articles de Guide Immo est une plateforme immersive destin\u00e9e \u00e0 vous offrir une vision unique et inspirante du monde de l&rsquo;immobilier. Propuls\u00e9e par l&rsquo;\u00e9quipe de <a href=\"https:\/\/silo.immo\/\" target=\"_blank\" rel=\"noopener\">SILO.immo<\/a>, cette plateforme repose sur plus de dix ann\u00e9es de connaissances approfondies et d&rsquo;expertise dans le domaine de l&rsquo;immobilier neuf au Qu\u00e9bec. Notre objectif est de vous fournir des informations fiables et des id\u00e9es novatrices pour transformer vos espaces de vie en lieux uniques et inspirants.<\/p>\n<p>Nous mettons \u00e0 profit notre exp\u00e9rience pour vous offrir une plateforme compl\u00e8te et \u00e9clair\u00e9e. Les articles de Guide Immo vous donne l&rsquo;opportunit\u00e9 d&rsquo;explorer diverses tendances, des id\u00e9es de d\u00e9coration aux derni\u00e8res innovations architecturales, tout en d\u00e9couvrant des maisons captivantes. De plus, vous pouvez diffuser vos nouvelles sur notre plateforme, rejoignant ainsi une communaut\u00e9 de passionn\u00e9s de l&rsquo;immobilier en qu\u00eate de d\u00e9couvertes et d&rsquo;inspiration.<\/p>\n<p>En vous pr\u00e9sentant les informations les plus pertinentes, Les articles de Guide Immo est le fruit de notre collaboration avec des partenaires de confiance. Nous tenons \u00e0 remercier ces partenaires qui contribuent \u00e0 enrichir notre plateforme en nous fournissant des donn\u00e9es compl\u00e8tes et pr\u00e9cieuses. Nous recommandons \u00e0 nos utilisateurs de valider les informations avant de prendre des d\u00e9cisions, car malgr\u00e9 nos efforts pour assurer la pr\u00e9cision, des erreurs peuvent se glisser, \u00e9tant donn\u00e9 la nature changeante du march\u00e9 immobilier.<\/p>\n","protected":false},"excerpt":{"rendered":"<p>Les articles de Guide Immo est une plateforme immersive destin\u00e9e \u00e0 vous offrir une vision unique et inspirante du monde de l&rsquo;immobilier. Propuls\u00e9e par l&rsquo;\u00e9quipe de SILO.immo, cette plateforme repose sur plus de dix ann\u00e9es de connaissances approfondies et d&rsquo;expertise dans le domaine de l&rsquo;immobilier neuf au Qu\u00e9bec. Notre objectif est de vous fournir des [&hellip;]<\/p>\n","protected":false},"author":1,"featured_media":0,"parent":0,"menu_order":0,"comment_status":"closed","ping_status":"closed","template":"","meta":{"footnotes":""},"class_list":["post-709","page","type-page","status-publish","hentry"],"yoast_head":"<!-- This site is optimized with the Yoast SEO plugin v27.4 - https:\/\/yoast.com\/product\/yoast-seo-wordpress\/ -->\n<title>\u00c0 propos du blogue News de Montreal Guide Condo<\/title>\n<meta name=\"description\" content=\"News est un Blogue dynamique propuls\u00e9 par l&#039;\u00e9quipe de Montreal Guide Condo. Notre blogue s&#039;adresse aux mordus de design, architecture, immobilier et bien plus\u2026\" \/>\n<meta name=\"robots\" content=\"index, follow, max-snippet:-1, max-image-preview:large, max-video-preview:-1\" \/>\n<link rel=\"canonical\" href=\"https:\/\/www.guideimmo.ca\/articles\/a_propos\/\" \/>\n<meta property=\"og:locale\" content=\"fr_CA\" \/>\n<meta property=\"og:type\" content=\"article\" \/>\n<meta property=\"og:title\" content=\"\u00c0 propos du blogue News de Montreal Guide Condo\" \/>\n<meta property=\"og:description\" content=\"News est un Blogue dynamique propuls\u00e9 par l&#039;\u00e9quipe de Montreal Guide Condo. Notre blogue s&#039;adresse aux mordus de design, architecture, immobilier et bien plus\u2026\" \/>\n<meta property=\"og:url\" content=\"https:\/\/www.guideimmo.ca\/articles\/a_propos\/\" \/>\n<meta property=\"og:site_name\" content=\"Guide Immo | Articles\" \/>\n<meta property=\"article:publisher\" content=\"https:\/\/www.facebook.com\/siloimmoweb\" \/>\n<meta property=\"article:modified_time\" content=\"2023-12-08T14:12:48+00:00\" \/>\n<meta name=\"twitter:card\" content=\"summary_large_image\" \/>\n<meta name=\"twitter:label1\" content=\"Estimation du temps de lecture\" \/>\n\t<meta name=\"twitter:data1\" content=\"2 minutes\" \/>\n<script type=\"application\/ld+json\" class=\"yoast-schema-graph\">{\"@context\":\"https:\\\/\\\/schema.org\",\"@graph\":[{\"@type\":\"WebPage\",\"@id\":\"https:\\\/\\\/www.guideimmo.ca\\\/articles\\\/a_propos\\\/\",\"url\":\"https:\\\/\\\/www.guideimmo.ca\\\/articles\\\/a_propos\\\/\",\"name\":\"\u00c0 propos du blogue News de Montreal Guide Condo\",\"isPartOf\":{\"@id\":\"https:\\\/\\\/www.guideimmo.ca\\\/articles\\\/#website\"},\"datePublished\":\"2014-10-12T07:20:38+00:00\",\"dateModified\":\"2023-12-08T14:12:48+00:00\",\"description\":\"News est un Blogue dynamique propuls\u00e9 par l'\u00e9quipe de Montreal Guide Condo. Notre blogue s'adresse aux mordus de design, architecture, immobilier et bien plus\u2026\",\"breadcrumb\":{\"@id\":\"https:\\\/\\\/www.guideimmo.ca\\\/articles\\\/a_propos\\\/#breadcrumb\"},\"inLanguage\":\"fr-CA\",\"potentialAction\":[{\"@type\":\"ReadAction\",\"target\":[\"https:\\\/\\\/www.guideimmo.ca\\\/articles\\\/a_propos\\\/\"]}]},{\"@type\":\"BreadcrumbList\",\"@id\":\"https:\\\/\\\/www.guideimmo.ca\\\/articles\\\/a_propos\\\/#breadcrumb\",\"itemListElement\":[{\"@type\":\"ListItem\",\"position\":1,\"name\":\"Home\",\"item\":\"https:\\\/\\\/www.guideimmo.ca\\\/articles\\\/\"},{\"@type\":\"ListItem\",\"position\":2,\"name\":\"\u00c0 propos\"}]},{\"@type\":\"WebSite\",\"@id\":\"https:\\\/\\\/www.guideimmo.ca\\\/articles\\\/#website\",\"url\":\"https:\\\/\\\/www.guideimmo.ca\\\/articles\\\/\",\"name\":\"Guide Immo | Articles\",\"description\":\"Explorez, inspirez, twistez votre espace de vie avec Latwist.immo !\",\"publisher\":{\"@id\":\"https:\\\/\\\/www.guideimmo.ca\\\/articles\\\/#organization\"},\"potentialAction\":[{\"@type\":\"SearchAction\",\"target\":{\"@type\":\"EntryPoint\",\"urlTemplate\":\"https:\\\/\\\/www.guideimmo.ca\\\/articles\\\/?s={search_term_string}\"},\"query-input\":{\"@type\":\"PropertyValueSpecification\",\"valueRequired\":true,\"valueName\":\"search_term_string\"}}],\"inLanguage\":\"fr-CA\"},{\"@type\":\"Organization\",\"@id\":\"https:\\\/\\\/www.guideimmo.ca\\\/articles\\\/#organization\",\"name\":\"Guide Immo\",\"url\":\"https:\\\/\\\/www.guideimmo.ca\\\/articles\\\/\",\"logo\":{\"@type\":\"ImageObject\",\"inLanguage\":\"fr-CA\",\"@id\":\"https:\\\/\\\/www.guideimmo.ca\\\/articles\\\/#\\\/schema\\\/logo\\\/image\\\/\",\"url\":\"https:\\\/\\\/www.guideimmo.ca\\\/articles\\\/wp-content\\\/uploads\\\/2024\\\/01\\\/guide-immo.png\",\"contentUrl\":\"https:\\\/\\\/www.guideimmo.ca\\\/articles\\\/wp-content\\\/uploads\\\/2024\\\/01\\\/guide-immo.png\",\"width\":387,\"height\":300,\"caption\":\"Guide Immo\"},\"image\":{\"@id\":\"https:\\\/\\\/www.guideimmo.ca\\\/articles\\\/#\\\/schema\\\/logo\\\/image\\\/\"},\"sameAs\":[\"https:\\\/\\\/www.facebook.com\\\/siloimmoweb\",\"https:\\\/\\\/www.pinterest.com\\\/mtlguidecondo\\\/\",\"https:\\\/\\\/www.youtube.com\\\/user\\\/MontrealGuideCondo\"]}]}<\/script>\n<!-- \/ Yoast SEO plugin. -->","yoast_head_json":{"title":"\u00c0 propos du blogue News de Montreal Guide Condo","description":"News est un Blogue dynamique propuls\u00e9 par l'\u00e9quipe de Montreal Guide Condo. Notre blogue s'adresse aux mordus de design, architecture, immobilier et bien plus\u2026","robots":{"index":"index","follow":"follow","max-snippet":"max-snippet:-1","max-image-preview":"max-image-preview:large","max-video-preview":"max-video-preview:-1"},"canonical":"https:\/\/www.guideimmo.ca\/articles\/a_propos\/","og_locale":"fr_CA","og_type":"article","og_title":"\u00c0 propos du blogue News de Montreal Guide Condo","og_description":"News est un Blogue dynamique propuls\u00e9 par l'\u00e9quipe de Montreal Guide Condo. Notre blogue s'adresse aux mordus de design, architecture, immobilier et bien plus\u2026","og_url":"https:\/\/www.guideimmo.ca\/articles\/a_propos\/","og_site_name":"Guide Immo | Articles","article_publisher":"https:\/\/www.facebook.com\/siloimmoweb","article_modified_time":"2023-12-08T14:12:48+00:00","twitter_card":"summary_large_image","twitter_misc":{"Estimation du temps de lecture":"2 minutes"},"schema":{"@context":"https:\/\/schema.org","@graph":[{"@type":"WebPage","@id":"https:\/\/www.guideimmo.ca\/articles\/a_propos\/","url":"https:\/\/www.guideimmo.ca\/articles\/a_propos\/","name":"\u00c0 propos du blogue News de Montreal Guide Condo","isPartOf":{"@id":"https:\/\/www.guideimmo.ca\/articles\/#website"},"datePublished":"2014-10-12T07:20:38+00:00","dateModified":"2023-12-08T14:12:48+00:00","description":"News est un Blogue dynamique propuls\u00e9 par l'\u00e9quipe de Montreal Guide Condo. Notre blogue s'adresse aux mordus de design, architecture, immobilier et bien plus\u2026","breadcrumb":{"@id":"https:\/\/www.guideimmo.ca\/articles\/a_propos\/#breadcrumb"},"inLanguage":"fr-CA","potentialAction":[{"@type":"ReadAction","target":["https:\/\/www.guideimmo.ca\/articles\/a_propos\/"]}]},{"@type":"BreadcrumbList","@id":"https:\/\/www.guideimmo.ca\/articles\/a_propos\/#breadcrumb","itemListElement":[{"@type":"ListItem","position":1,"name":"Home","item":"https:\/\/www.guideimmo.ca\/articles\/"},{"@type":"ListItem","position":2,"name":"\u00c0 propos"}]},{"@type":"WebSite","@id":"https:\/\/www.guideimmo.ca\/articles\/#website","url":"https:\/\/www.guideimmo.ca\/articles\/","name":"Guide Immo | Articles","description":"Explorez, inspirez, twistez votre espace de vie avec Latwist.immo !","publisher":{"@id":"https:\/\/www.guideimmo.ca\/articles\/#organization"},"potentialAction":[{"@type":"SearchAction","target":{"@type":"EntryPoint","urlTemplate":"https:\/\/www.guideimmo.ca\/articles\/?s={search_term_string}"},"query-input":{"@type":"PropertyValueSpecification","valueRequired":true,"valueName":"search_term_string"}}],"inLanguage":"fr-CA"},{"@type":"Organization","@id":"https:\/\/www.guideimmo.ca\/articles\/#organization","name":"Guide Immo","url":"https:\/\/www.guideimmo.ca\/articles\/","logo":{"@type":"ImageObject","inLanguage":"fr-CA","@id":"https:\/\/www.guideimmo.ca\/articles\/#\/schema\/logo\/image\/","url":"https:\/\/www.guideimmo.ca\/articles\/wp-content\/uploads\/2024\/01\/guide-immo.png","contentUrl":"https:\/\/www.guideimmo.ca\/articles\/wp-content\/uploads\/2024\/01\/guide-immo.png","width":387,"height":300,"caption":"Guide Immo"},"image":{"@id":"https:\/\/www.guideimmo.ca\/articles\/#\/schema\/logo\/image\/"},"sameAs":["https:\/\/www.facebook.com\/siloimmoweb","https:\/\/www.pinterest.com\/mtlguidecondo\/","https:\/\/www.youtube.com\/user\/MontrealGuideCondo"]}]}},"_links":{"self":[{"href":"https:\/\/www.guideimmo.ca\/articles\/wp-json\/wp\/v2\/pages\/709","targetHints":{"allow":["GET"]}}],"collection":[{"href":"https:\/\/www.guideimmo.ca\/articles\/wp-json\/wp\/v2\/pages"}],"about":[{"href":"https:\/\/www.guideimmo.ca\/articles\/wp-json\/wp\/v2\/types\/page"}],"author":[{"embeddable":true,"href":"https:\/\/www.guideimmo.ca\/articles\/wp-json\/wp\/v2\/users\/1"}],"replies":[{"embeddable":true,"href":"https:\/\/www.guideimmo.ca\/articles\/wp-json\/wp\/v2\/comments?post=709"}],"version-history":[{"count":2,"href":"https:\/\/www.guideimmo.ca\/articles\/wp-json\/wp\/v2\/pages\/709\/revisions"}],"predecessor-version":[{"id":13384,"href":"https:\/\/www.guideimmo.ca\/articles\/wp-json\/wp\/v2\/pages\/709\/revisions\/13384"}],"wp:attachment":[{"href":"https:\/\/www.guideimmo.ca\/articles\/wp-json\/wp\/v2\/media?parent=709"}],"curies":[{"name":"wp","href":"https:\/\/api.w.org\/{rel}","templated":true}]}}